6562.
2, 228281
What are the prime factors of 10353721?
7, 31, 47713
List the prime factors of 17336493.
3, 19, 101383
What are the prime factors of 1048522?
2, 524261
What are the prime factors of 248290?
2, 5, 7, 3547
What are the prime factors of 142216?
2, 29, 613
List the prime factors of 2992320.
2, 3, 5, 1039
List the prime factors of 25309655.
5, 7, 723133
What are the prime factors of 526015?
5, 7, 19, 113
List the prime factors of 1031244.
2, 3, 19, 4523
List the prime factors of 23423156.
2, 107, 54727
What are the prime factors of 361033?
361033
List the prime factors of 522286.
2, 113, 2311
List the prime factors of 2745282.
2, 3, 457547
List the prime factors of 952824.
2, 3, 29, 37
What are the prime factors of 205239?
3, 37, 43
What are the prime factors of 1525151?
71, 21481
What are the prime factors of 412266?
2, 3, 68711
What are the prime factors of 7716060?
2, 3, 5, 11, 433
What are the prime factors of 895791?
3, 13, 103, 223
What are the prime factors of 258788?
2, 31, 2087
What are the prime factors of 235258?
2, 19, 41, 151
What are the prime factors of 254292?
2, 3, 21191
List the prime factors of 751410.
2, 3, 5, 11, 23
List the prime factors of 1200219.
3, 107, 3739
What are the prime factors of 5878828?
2, 19, 103, 751
List the prime factors of 402154.
2, 19, 557
List the prime factors of 225505.
5, 7, 17, 379
What are the prime factors of 5107019?
5107019
List the prime factors of 92483.
23, 4021
List the prime factors of 3754249.
751, 4999
What are the prime factors of 101869?
101869
What are the prime factors of 124444?
2, 53, 587
What are the prime factors of 2524260?
2, 3, 5, 42071
List the prime factors of 12391860.
2, 3, 5, 13, 15887
What are the prime factors of 2254424?
2, 281803
What are the prime factors of 3109058?
2, 1554529
List the prime factors of 1065529.
1065529
List the prime factors of 305438.
2, 7, 21817
List the prime factors of 582036.
2, 3, 7, 13, 41
What are the prime factors of 27734167?
19, 523, 2791
List the prime factors of 814051.
7, 116293
What are the prime factors of 190799?
7, 97, 281
What are the prime factors of 73161?
3, 11, 739
What are the prime factors of 1477544?
2, 184693
List the prime factors of 4657592.
2, 17, 23, 1489
List the prime factors of 20832504.
2, 3, 7, 11, 11273
List the prime factors of 88209.
3, 11
List the prime factors of 309799.
7, 44257
What are the prime factors of 697136?
2, 11, 17, 233
List the prime factors of 4876550.
2, 5, 7, 13933
What are the prime factors of 7313345?
5, 13, 59, 1907
What are the prime factors of 2277712?
2, 142357
What are the prime factors of 184121?
7, 29, 907
List the prime factors of 186750.
2, 3, 5, 83
What are the prime factors of 12406567?
2017, 6151
What are the prime factors of 3446177?
7, 31, 15881
What are the prime factors of 66171?
3, 7, 23, 137
List the prime factors of 27039287.
11, 59, 61, 683
What are the prime factors of 870167?
859, 1013
What are the prime factors of 13068583?
11, 277, 4289
List the prime factors of 102003.
3, 11, 281
List the prime factors of 1639957.
11, 149087
What are the prime factors of 1037975?
5, 41519
List the prime factors of 353402.
2, 7, 25243
What are the prime factors of 3258017?
7, 313, 1487
What are the prime factors of 135719?
135719
List the prime factors of 289523.
13, 22271
List the prime factors of 12718140.
2, 3, 5, 211969
List the prime factors of 4102146.
2, 3, 349, 653
What are the prime factors of 7118091?
3, 43, 6131
List the prime factors of 36716.
2, 67, 137
What are the prime factors of 3171659?
1409, 2251
List the prime factors of 474901.
7, 67843
List the prime factors of 9855355.
5, 1049, 1879
What are the prime factors of 298977?
3, 7, 23, 619
What are the prime factors of 437428?
2, 109357
List the prime factors of 3732087.
3, 1244029
What are the prime factors of 81850?
2, 5, 1637
What are the prime factors of 2392233?
3, 19, 41969
List the prime factors of 15855612.
2, 3, 1321301
List the prime factors of 601313.
601313
What are the prime factors of 14016933?
3, 7, 271, 821
What are the prime factors of 494026?
2, 13, 19001
What are the prime factors of 21042481?
17, 19, 65147
What are the prime factors of 182578?
2, 11, 43, 193
What are the prime factors of 226205?
5, 7, 23, 281
List the prime factors of 2255196.
2, 3, 23, 8171
What are the prime factors of 174554?
2, 87277
List the prime factors of 147757.
139, 1063
What are the prime factors of 15000562?
2, 17, 441193
What are the prime factors of 2975419?
19, 156601
What are the prime factors of 2654341?
29, 91529
List the prime factors of 13427464.
2, 29, 31, 1867
List the prime factors of 67758.
2, 3, 23, 491
List the prime factors of 9558529.
83, 115163
What are the prime factors of 605866?
2, 23, 13171
List the prime factors of 254091.
3, 84697
What are the prime factors of 542311?
7, 11, 7043
List the prime factors of 177188.
2, 11, 4027
List the prime factors of 5478839.
5478839
List the prime factors of 633817.
71, 79, 113
List the prime factors of 87872.
2, 1373
List the prime factors of 51547.
19, 2713
What are the prime factors of 5397?
3, 7, 257
List the prime factors of 2711948.
2, 173, 3919
What are the prime factors of 1263877?
47, 26891
List the prime factors of 5539714.
2, 37, 74861
List the prime factors of 1578588.
2, 3, 11, 11959
What are the prime factors of 5773055?
5, 19, 67, 907
What are the prime factors of 19525092?
2, 3, 103, 15797
List the prime factors of 11635.
5, 13, 179
What are the prime factors of 1472270?
2, 5, 147227
List the prime factors of 114228.
2, 3, 19, 167
List the prime factors of 672992.
2, 21031
List the prime factors of 16652933.
11, 359, 4217
What are the prime factors of 99996?
2, 3, 13, 641
What are the prime factors of 534604?
2, 7, 61, 313
List the prime factors of 26332640.
2, 5, 31, 5309
List the prime factors of 275666.
2, 337, 409
What are the prime factors of 243956?
2, 71, 859
List the prime factors of 9022678.
2, 7, 521, 1237
List the prime factors of 9606250.
2, 5, 29, 53
What are the prime factors of 2192738?
2, 47, 23327
List the prime factors of 1447784.
2, 13, 13921
What are the prime factors of 16155106?
2, 11, 337, 2179
List the prime factors of 23060052.
2, 3, 103, 691
What are the prime factors of 4163850?
2, 3, 5, 19, 487
List the prime factors of 707023.
641, 1103
List the prime factors of 4811730.
2, 3, 5, 7, 11, 2083
What are the prime factors of 804539?
571, 1409
List the prime factors of 21089.
21089
What are the prime factors of 662463?
3, 73607
List the prime factors of 7448551.
11, 19, 157, 227
List the prime factors of 28557990.
2, 3, 5, 53, 5987
What are the prime factors of 4273098?
2, 3, 712183
List the prime factors of 2357842.
2, 1178921
What are the prime factors of 3390328?
2, 423791
List the prime factors of 23352.
2, 3, 7, 139
List the prime factors of 697165.
5, 7, 19919
What are the prime factors of 353945?
5, 29, 2441
What are the prime factors of 211703?
269, 787
What are the prime factors of 3748976?
2, 7, 11, 17, 179
List the prime factors of 20592145.
5, 7, 588347
What are the prime factors of 161963?
149, 1087
What are the prime factors of 1006625?
5, 8053
What are the prime factors of 283391?
53, 5347
List the prime factors of 27758.
2, 13879
List the prime factors of 8450514.
2, 3, 156491
List the prime factors of 282979.
61, 4639
List the prime factors of 1610788.
2, 402697
What are the prime factors of 34982536?
2, 4372817
What are the prime factors of 74877?
3, 11, 2269
What are the prime factors of 19221150?
2, 3, 5, 13, 9857
What are the prime factors of 5371543?
5371543
List the prime factors of 4491034.
2, 71, 31627
What are the prime factors of 2339331?
3, 47, 353
List the prime factors of 4606044.
2, 3, 383837
List the prime factors of 4688200.
2, 5, 11, 2131
What are the prime factors of 4981714?
2, 17, 146521
What are the prime factors of 1683319?
11, 137, 1117
List the prime factors of 1272443.
1272443
List the prime factors of 122408.
2, 11, 13, 107
What are the prime factors of 31888?
2, 1993
What are the prime factors of 2024296?
2, 79, 3203
What are the prime factors of 188048?
2, 7, 23, 73
List the prime factors of 1950529.
7, 17, 37, 443
List the prime factors of 1069231.
73, 97, 151
